et t(s) = 5*s**2 - 2*s - 12. Let f(r) = -3*l(r) + 5*t(r). Let x be (-75)/12 + (-3)/36*-3. What is f(x)?
15
Let u(g) be the second derivative of g**3/3 - g**2 + 3*g. Let y(c) = -3*c + 41. Suppose 7*x = 4*x + 4*f + 40, 4*x - f - 49 = 0. Let p be y(x). Determine u(p).
8
Let h(s) = -s**3 - 8*s**2 + 11*s + 13. Let z(k) = -194*k + 1155. Let i be z(6). Calculate h(i).
-5
Let z(u) = u**3 + 9*u**2 + 11*u - 6. Suppose -39*o - 80 + 266 = -70*o. Calculate z(o).
36
Let s be 16/(-10)*(-35)/14. Let r(y) = -2*y**2 + 12*y - 29. Give r(s).
-13
Let o(j) = -j + 4 - j**2 - 5 + 0 - j**3. Suppose 3*y + 6 = -c + 4*c, -5*c - 3*y + 2 = 0. Let s be ((-3 - -3)/(c - 3))/2. Give o(s).
-1
Let k = -13 + 15. Let g(r) be the first derivative of r**4/4 - r**3/3 - r - 152. Calculate g(k).
3
Suppose 55*l = 35*l + 3080. Let u(g) = 0 - 155*g + l*g + 1. Calculate u(-2).
3
Let h(o) = -8*o + 3. Let f be 30 + -2 - (-1 - (-4 + -1)). Let x be (-2)/8 - (78/f)/(-1). Suppose -3*j + 0*j + 16 = -4*s, -11 = -x*j - s. What is h(j)?
-29
Let s(w) be the first derivative of 5*w**3/6 - w**2/2 - 65*w + 23. Let z(r) be the first derivative of s(r). Determine z(2).
9
Let o(c) = 198*c - 15. Let u(m) = -41*m + 3. Let w(l) = 6*o(l) + 29*u(l). What is w(2)?
-5
Suppose f - 1 - 2 = 0. Suppose f*l - 4*h - 38 = 0, -2*l + 0*h - 3*h = -14. Let s(y) = -4*y**2 + 6*y**2 - 1 - 6 + l + 5*y. Give s(-3).
6
Let v(t) = -t**2 - 126*t - 8. Let x(q) = 24*q + 1. Let y(s) = -v(s) - 5*x(s). Suppose 2*a + b = -11, a + b = 3*a + 9. What is y(a)?
-2
Let x be -16 + (60/(-75))/(4/(-65)). Let v(k) = -3*k - 11. What is v(x)?
-2
Let v(d) = 323*d + 209. Let m(t) = 232*t + 139. Let x(l) = -7*m(l) + 5*v(l). Give x(13).
-45
Let v be (15/(-45))/(1/3). Suppose -2*y + 15 = -1. Let x(l) = 2*l + y*l**2 - 11*l**2 + 0 + 1. Give x(v).
-4
Let s(m) be the first derivative of 5*m**4/24 + m**3/3 + 12*m**2 + 60. Let r(f) be the second derivative of s(f). Calculate r(2).
12
Let n(l) = -2*l**3 + 11*l**2 - 3*l + 6. Let r(s) = -2*s**2 + s. Let i(u) = n(u) + 3*r(u). What is i(3)?
-3
Let b(c) = c + 17. Suppose -92 = 9*p - 11*p. Let o = p + -38. Suppose o = -3*k - 4*h - 14, -4*k + 5*h = 50. What is b(k)?
7
Suppose 2*d + 189 = 193. Let r(m) = 0*m**d - 2*m - 2*m + 1 + 6*m + 2*m**2 + 0*m**2 + 37*m**3. Give r(-1).
-36
Let n(j) = -j**2 - 10*j - 8. Let t = -155 + 164. Let u(g) = -4*g**2 - 39*g - 30. Let c(d) = t*n(d) - 2*u(d). Give c(-12).
-12
Let d(a) = -3*a + 19. Let q(z) = -178*z - 3722. Let s be q(-21). Calculate d(s).
-29
Let a be 6 - 27*(-10)/(-90). Let b(f) = 18*f - 11. What is b(a)?
43
Let s(y) = 1 + 10*y + 1 + 1. Suppose 5828 = 20*u + 5868. Give s(u).
-17
Suppose -5*i - 4 = 5*o + 6, -3*o - 24 = -3*i. Suppose -2*k = i*q + 2*q - 45, 0 = 4*k - 20. Let h(m) = -12 + 5*m**2 - q*m - 4*m**2 + 29 - 11. Calculate h(6).
0
Suppose c = 5*u + 61, -3*c - 35*u + 40*u = -123. Let g(v) = 2*v**3 - 63*v**2 + 32*v - 16. What is g(c)?
15
Let m = 5 - 0. Let t(s) be the second derivative of 0 + 1/12*s**4 + 109*s + 7/2*s**2 - 5/6*s**3. Calculate t(m).
7
Let t(a) = -34*a - 310. Let o = -13251 + 13242. What is t(o)?
-4
Let l(w) be the second derivative of 62*w**3/3 + 3*w**2/2 + 2619*w. What is l(-1)?
-121
Let a(o) = -o**2 - 12*o + 68. Suppose -r - 174 = -5*c - 158, 3*r + 4*c + 48 = 0. Give a(r).
4
Let h(b) be the first derivative of -7*b**2/2 + b - 7. Let c(w) = w**3 - 24*w**2 - 178*w - 59. Let m be c(30). Calculate h(m).
-6
Let h(a) = 5 - 4*a**2 - 2500*a**3 + 2499*a**3 + 0 + 4*a. Suppose 2*g + 6 = -3*z + 4*z, -2*z + 3*g + 10 = 0. Let b = z - 7. Give h(b).
10
Let i(g) = -5*g - 15. Let c(u) = -139*u - 6953. Let t be c(-50). Determine i(t).
0
Let n be (-2)/12 - 26/(-12). Let v(b) = 1 + 0*b + n*b - 3*b + 3. Let f be (-30)/(-10) + (-18)/3. Calculate v(f).
7
Let k(d) = 6*d - 439. Let w(u) = 11*u - 768. Let y(h) = 7*k(h) - 4*w(h). Let n = 1 - -1. Determine y(n).
-5
Let n be (1/5)/((-15)/(-50))*3. Let b(r) = -r + 5 - 6 - 2 - r**3 - 4*r**n. Calculate b(-4).
1
Let p = -18495 - -18493. Let t(y) be the second derivative of -y**5/20 + y**2/2 + 4*y. What is t(p)?
9
Let g(d) = d**3 + 5*d**2 + 3*d + 5. Let j(r) = -3*r**2 + 20*r - 32. Suppose 0 = 3*s + 6*c - 8*c - 2, c - 10 = -4*s. Let k be j(s). Determine g(k).
9
Suppose -6 = b - 3. Let o(y) = -y + 3. Let c be o(-2). Let t(m) = 5*m - 3. Let j(x) = -9*x + 5. Let g(r) = c*t(r) + 3*j(r). What is g(b)?
6
Let n(p) = -p - 8. Let d be (12 + -2)/(5 + -3). Suppose j - c = -d, -2*j - 4*c - 16 = -0*c. What is n(j)?
-2
Let b(g) = -96*g - 286. Let s be b(-3). Let q(a) be the first derivative of -11 - 5/2*a**s - 7*a - 1/3*a**3. Give q(-5).
-7
Suppose -4*x = -26 + 2. Let s(d) = x - 20 - 7*d + 13 - 3 - d**2. Calculate s(-6).
2
Let c(q) = 153*q - 61. Let g(r) = -666*r + 246. Let x(u) = -26*c(u) - 6*g(u). Determine x(-5).
20
Let l = 653 + -644. Let o(f) = -f + 13. Let k be o(l). Let a(v) be the third derivative of -v**6/120 + v**5/20 + v**4/4 - v**3/3 + v**2. Give a(k).
6
Let w(c) = c**3 + 8*c**2 - 11*c + 6. Let d(h) = h**3 + 9*h**2 - 13*h + 7. Let z(a) = -5*d(a) + 6*w(a). Let j = 105 - 108. Determine z(j).
4
Let b(o) = 2*o + 256 + 322 - 635. Determine b(23).
-11
Let p(w) = -w**2 + 2582*w - 15457. Let h be p(6). Let x(b) be the first derivative of 11*b**2/2 - 2*b + 1. What is x(h)?
-13
Let u(t) be the first derivative of t**4/4 + 7*t**3 - 13*t**2 - 104*t - 13358. Give u(-22).
-16
Let w(o) = o**3 - 7*o**2 - 7*o - 7. Let r = -360 + 150. Let h = r - -218. What is w(h)?
1
Let i(b) = 3*b**2 + 134*b - 283. Let k(t) = t**2 + 45*t - 101. Let q(y) = -3*i(y) + 8*k(y). Calculate q(-43).
-2
Let z = 23285 + -23248. Let o(s) = s**3 - 35*s**2 - 74*s + 23. Determine o(z).
23
Let v(g) be the first derivative of 8/3*g**3 + 1/4*g**4 - 1/2*g**2 - 6*g + 62. Determine v(-8).
2
Let g be (8/20)/(3/(-30)) - 4. Let m(n) = -n**2 - 3*n + 15. Determine m(g).
-25
Let n(l) = l + 6 + 2*l + 2 - 7*l**2 + l**3. Suppose -5*c = -5*x + 65, -170*x = -175*x - c + 23. Calculate n(x).
-10
Let q be (4/8*5)/((-15)/(-12)). Suppose 3*p - q*z = z - 9, -2*p = -z + 11. Let h(i) = i**3 + 7*i**2 - 7*i + 6. Calculate h(p).
-2
Let u(v) be the first derivative of -6*v**2 - 11*v + 3545. What is u(-9)?
97
Let k = 73 + -70. Let n be (2/k)/((-1000)/252 - -4). Suppose n = 11*t - 1. Let y(h) = -h**3 + 2*h**2 - 2*h + 1. Determine y(t).
-3
Let b be 2/((-24)/(-3))*(-1 - -93). Suppose 0 = i + 2*w + 2, 2*w - 15 = 4*i + b. Let q(d) = -2*d. Determine q(i).
16
Let h(r) = 4*r**3 - 4*r**2 + 8*r - 20. Let u be h(5). Let z = 416 - u. Let i(w) = -w**3 - 3*w**2 + w + 3. What is i(z)?
15
Let c(v) = v**3 + 5*v**2 + 2. Let a(s) = 21 + s - 24 - 31. Let w be a(29). Determine c(w).
2
Suppose 8*h - r = 4*h + 10, -4*h + 2*r + 12 = 0. Let p(t) be the second derivative of 1/3*t**4 + 0*t**3 - h*t**2 - 1/20*t**5 - 16*t + 0. Give p(3).
5
Let b(i) = 4*i - 51. Let q be b(15). Let z(g) be the second derivative of 0 - 2/3*g**4 + 6*g**2 - 11/6*g**3 - 7*g + 1/20*g**5. Give z(q).
-6
Let y be 7 + (9 - 4) + -4. Let n be 18/y + (-21)/84. Let p(s) = -n - 8*s + 6*s + 11 + 0. Determine p(7).
-5
Let r(t) = -596*t**3 + t - 11 + 243*t**3 + 354*t**3 - 15*t**2. What is r(15)?
4
Let w(i) = -i**2 + i + 24. Let q(j) = j**3 - 12*j**2 - 27*j - 10. Let s be q(14). Suppose 6 = s*y + 2*u, 1 + 5 = 2*y + 2*u. Determine w(y).
24
Let q(u) be the second derivative of -3*u**5/4 - u**4/12 + u**2/2 - 56*u - 196. Let g = 4 - 3. Calculate q(g).
-15
Let w(n) = -5*n**2 - 9*n + 1. Let m(v) = v**2 + 2*v. Let r(z) = 9*m(z) + 2*w(z). Let b be (-7 - -7 - 8/10)/(-11 - 285/(-25)). Calculate r(b).
-2
Let t = 526 + -1143. Let x = t + 620. Let y(v) = v**3 - v**2 - 4*v - 1. Give y(x).
5
Let f(g) = 5*g + 2. Let c(o) = -27*o + 8. Let t(u) = c(u) + 4*f(u). Give t(6).
-26
Let g(s) = -77 + 657*s**2 + 650*s**2 + 34*s - 1305*s**2 + 145. What is g(-14)?
-16
Let l be (-35)/(-10) - 6/4. Let f(c) = 0 + l - 4 + 2*c + 6 - 2*c**2. Give f(3).
-8
Let t(r) = -4*r**3 + 2*r**2 + r. Let x be ((-5)/((-10)/(-12)))/(4 - 7). Suppose 61*q = 59*q - x. Give t(q).
5
Let d(n) be the first derivative of 5*n**3/3 + 7*n**2 - 5*n + 968. What is d(-4)?
19
Let a(f) = -f**2 - 27*f + 164. Let i be a(-32). Let v(u) = 2 - i*u**2 - 20*u + 28*u - 13*u + u**3. Let o be (-4)/2 + (-24)/(-4). Calculate v(o).
-18
Let x(w) = -w**3 - 17*w**2 + 0*w**3 - 54 - 2735*w + 2716*w. Determine x(-16).
-6
Let u(w) = 0*w - 41 + 37 + w. Suppose 39 = -